by 1254.
912
What is the remainder when 3788103 is divided by 61098?
27
What is the remainder when 47026 is divided by 428?
374
What is the remainder when 1772404 is divided by 136230?
1414
What is the remainder when 3419640 is divided by 181?
7
What is the remainder when 111955 is divided by 13963?
251
Calculate the remainder when 1543553 is divided by 10023.
11
Calculate the remainder when 17939666 is divided by 854269.
17
Calculate the remainder when 3141152 is divided by 165309.
281
Calculate the remainder when 12149711 is divided by 44.
35
What is the remainder when 30827 is divided by 2512?
683
Calculate the remainder when 1548846 is divided by 2416.
190
What is the remainder when 1169274 is divided by 584631?
12
Calculate the remainder when 26768808 is divided by 3674.
44
What is the remainder when 17888 is divided by 1089?
464
Calculate the remainder when 14596666 is divided by 663482.
62
Calculate the remainder when 427922 is divided by 427902.
20
What is the remainder when 135464337 is divided by 33?
30
Calculate the remainder when 279667 is divided by 21451.
804
Calculate the remainder when 479324 is divided by 159742.
98
Calculate the remainder when 9069390 is divided by 1813878.
0
Calculate the remainder when 172386958 is divided by 16.
14
Calculate the remainder when 7799173 is divided by 132188.
81
What is the remainder when 35126172 is divided by 106?
104
Calculate the remainder when 62160445 is divided by 4440031.
11
Calculate the remainder when 759231 is divided by 296.
287
Calculate the remainder when 100655377 is divided by 81.
79
What is the remainder when 44298826 is divided by 29454?
10
Calculate the remainder when 4695276 is divided by 3694.
202
Calculate the remainder when 7314748 is divided by 34.
22
Calculate the remainder when 20341774 is divided by 1076.
1070
What is the remainder when 124463 is divided by 124346?
117
Calculate the remainder when 18215331 is divided by 63468.
15
What is the remainder when 18433 is divided by 5986?
475
What is the remainder when 813119 is divided by 162621?
14
What is the remainder when 10924399 is divided by 8860?
19
Calculate the remainder when 64332 is divided by 101.
96
Calculate the remainder when 9528107 is divided by 172.
167
Calculate the remainder when 29617548 is divided by 113044.
20
Calculate the remainder when 112686 is divided by 55702.
1282
What is the remainder when 3733129 is divided by 1866556?
17
Calculate the remainder when 62493594 is divided by 246.
0
What is the remainder when 3303904 is divided by 24654?
268
What is the remainder when 252724 is divided by 3728?
2948
What is the remainder when 1198241 is divided by 12480?
161
Calculate the remainder when 81843032 is divided by 16368605.
7
What is the remainder when 74383 is divided by 18594?
7
What is the remainder when 152915 is divided by 1193?
211
What is the remainder when 101067 is divided by 294?
225
Calculate the remainder when 519456 is divided by 23611.
14
What is the remainder when 2664 is divided by 2648?
16
Calculate the remainder when 2240166 is divided by 270.
246
What is the remainder when 818337 is divided by 669?
150
Calculate the remainder when 1224110 is divided by 656.
14
What is the remainder when 293961 is divided by 7672?
2425
Calculate the remainder when 20027 is divided by 1994.
87
What is the remainder when 4368466 is divided by 25?
16
Calculate the remainder when 75849 is divided by 5815.
254
What is the remainder when 1795917 is divided by 184?
77
Calculate the remainder when 36918309 is divided by 36918299.
10
Calculate the remainder when 2323544 is divided by 4694.
14
Calculate the remainder when 534181 is divided by 266625.
931
Calculate the remainder when 1802320 is divided by 551.
550
Calculate the remainder when 6542778 is divided by 575.
428
Calculate the remainder when 1583641 is divided by 3334.
3325
What is the remainder when 2989439 is divided by 13?
11
What is the remainder when 528582 is divided by 3769?
922
What is the remainder when 404900 is divided by 130?
80
Calculate the remainder when 571303917 is divided by 111127.
10
What is the remainder when 2845596 is divided by 5646?
12
What is the remainder when 70601288 is divided by 17?
16
What is the remainder when 2372126 is divided by 566?
20
Calculate the remainder when 75173 is divided by 15029.
28
Calculate the remainder when 74632984 is divided by 28.
20
What is the remainder when 46070 is divided by 3249?
584
What is the remainder when 147169 is divided by 160?
129
Calculate the remainder when 4140486 is divided by 2270.
6
What is the remainder when 38502 is divided by 267?
54
Calculate the remainder when 6795323 is divided by 485376.
59
Calculate the remainder when 3468665 is divided by 2791.
2243
What is the remainder when 222150 is divided by 55522?
62
What is the remainder when 1618247 is divided by 389?
7
Calculate the remainder when 3566133 is divided by 3684.
21
Calculate the remainder when 358972 is divided by 521.
3
Calculate the remainder when 266124 is divided by 204.
108
What is the remainder when 494037 is divided by 24638?
1277
Calculate the remainder when 5143336 is divided by 2658.
106
What is the remainder when 55007 is divided by 7797?
428
What is the remainder when 127744334 is divided by 120?
14
Calculate the remainder when 11054117 is divided by 30.
17
Calculate the remainder when 5536667 is divided by 10.
7
Calculate the remainder when 2520 is divided by 677.
489
What is the remainder when 708357 is divided by 84?
69
What is the remainder when 109408 is divided by 13676?
0
Calculate the remainder when 327989 is divided by 1076.
885
What is the remainder when 1035812 is divided by 3752?
260
What is the remainder when 839444 is divided by 93258?
122
What is the remainder when 6995783 is divided by 1748752?
775
Calculate the remainder when 11756725 is divided by 370.
345
Calculate the remainder when 1834466 is divided by 79759.
9
Calculate the remainder when 87904212 is divided by 15.
12
Calculate the remainder when 2969915 is divided by 6319.
6304
Calculate the remainder when 209084 is divided by 69672.
68
Calculate the remainder when 69263917 is divided by 6724.
6717
Calculate the remainder when 550167 is divided by 183359.
90
What is the remainder when 34993138 is divided by 251?
224
What is the remainder when 103195468 is divided by 628?
624
Calculate the remainder when 19557630 is divided by 350.
330
What is the remainder when 114455615 is divided by 96?
95
What is the remainder when 1478230 is divided by 166?
0
What is the remainder when 293914 is divided by 97857?
343
Calculate the remainder when 220892 is divided by 805.
322
What is the remainder when 4212370 is divided by 1663?
1654
Calculate the remainder when 10666823 is divided by 1495.
1493
Calculate the remainder when 8894582 is divided by 106.
16
What is the remainder when 137360 is divided by 857?
240
What is the remainder when 877898 is divided by 6753?
8
Calculate the remainder when 8150727 is divided by 39186.
39
What is the remainder when 3218078 is divided by 794?
790
Calculate the remainder when 15056609 is divided by 415.
409
What is the remainder when 1549960 is divided by 2276?
4
What is the remainder when 38487043 is divided by 499831?
56
What is the remainder when 407587 is divided by 162?
157
What is the remainder when 239969 is divided by 2854?
233
Calculate the remainder when 671018 is divided by 79.
71
What is the remainder when 656292 is divided by 8418?
8106
Calculate the remainder when 12731 is divided by 570.
191
Calculate the remainder when 11383661 is divided by 4548.
17
What is the remainder when 1569472 is divided by 215?
187
Calculate the remainder when 12723747 is divided by 6361838.
71
Calculate the remainder when 10821 is divided by 2067.
486
What is the remainder when 318594 is divided by 45499?
101
What is the remainder when 52086 is divided by 25807?
472
What is the remainder when 1255766 is divided by 313914?
110
Calculate the remainder when 11571083 is divided by 34.
33
Calculate the remainder when 51074608 is divided by 2377.
9
Calculate the remainder when 1322349 is divided by 8371.
8102
What is the remainder when 1335075 is divided by 798?
21
Calculate the remainder when 1604435 is divided